m(8). Suppose 0*h + h = u. What is the units digit of h?
7
Let a(s) = 2*s**2 - 9*s + 2. What is the tens digit of a(8)?
5
Let w(c) = -c**2 - 11*c + 13. What is the units digit of w(-12)?
1
Suppose -5*m + 1185 = b, -2*m - 4*b + 9*b + 447 = 0. What is the hundreds digit of m?
2
Let b = 19 + -5. What is the tens digit of (161/b)/((-2)/(-4))?
2
Let s = -110 + 182. What is the units digit of s?
2
Suppose -4*w + 0 + 12 = 0. Suppose -w*i - i = -68. What is the units digit of i?
7
Suppose -j + 5 = 4*u, 0 = -2*u - 4*j + j - 5. Suppose 24 = 2*z - 5*o, -3*o + 5*o + 14 = 3*z. What is the units digit of 4*(1 + u - z)?
4
Let h(r) be the first derivative of 17*r**2/2 - 5. What is the tens digit of h(1)?
1
Let k = -3 + 5. Suppose 0 = -4*d + 2 + k, -3*u + d = -5. What is the units digit of 2 - (u - 15/3)?
5
Let o be 13/4 + (-2)/8. Let z be 2/3 + (-1)/(-3). Let j = o - z. What is the units digit of j?
2
Suppose -4*z = z - 5*q - 155, 5*q = -4*z + 142. What is the units digit of z?
3
Let t(p) = 2*p**2 + 3*p + 1. Suppose 0 = 2*r - 4*l - 6, -l + 4*l = 4*r - 22. Suppose -o + r = -2*o + n, -3*o = 5*n - 11. What is the units digit of t(o)?
0
Let d = 430 - 125. What is the units digit of d?
5
Suppose 5*h - 868 = -2*h. What is the units digit of h?
4
Suppose -3*x + 8 + 7 = 0. Let p(b) = -3*b - 2. Let u(r) = 3*r + 2. Let a(t) = x*u(t) + 4*p(t). What is the tens digit of a(4)?
1
Let x = 0 - -1. Let n(w) = x - 3 + 3*w - 2*w. What is the units digit of n(4)?
2
Let i = 3 - 2. Let l(s) = 5*s**2 - 2*s + 1. Let j be l(i). Suppose 22 = -j*y + 66. What is the units digit of y?
1
Suppose -3*y - 2 = f, 2*f + 3*y - 2 = -9. What is the tens digit of (f/10)/(1/(-22))?
1
Let y be (4/(-3))/((-4)/(-12)). Let j = y + 3. What is the tens digit of 39/4 + j/(-4)?
1
Let d(w) = -17*w + 2. What is the tens digit of d(-5)?
8
Let f(g) = g**3 - 8*g**2 + 8*g + 6. Suppose 3*x = 5*n + 13, x + 1 - 4 = 3*n. Let m be f(x). Let i = -9 - m. What is the units digit of i?
9
Suppose -4*w + 0*w + 420 = 0. What is the hundreds digit of w?
1
Let h(p) = 5*p**2 - p - 2. Let q be h(2). Let w = 32 - q. What is the tens digit of w?
1
Let k = -7 + 10. Suppose 7*q - k = 4*q. Suppose 2*m + 3*w + 2 = -q, 0 = 3*m - 4*w - 21. What is the units digit of m?
3
Let n = -11 - -16. Suppose 4*t - 3*t + 26 = 4*s, 3*s - 28 = n*t. What is the units digit of s?
6
Suppose 3*b + 1 = 13. Suppose -3*a = 2*w + 11 + b, 2*a + 4*w + 2 = 0. Let c = 20 + a. What is the units digit of c?
3
Let l = -4 + 3. Let n(a) = -6*a**2 + 0*a - 2*a + 11*a**2 - 1. What is the units digit of n(l)?
6
What is the tens digit of 1/(3*(-4)/(-1848))?
5
Suppose -3 = -4*n + 1. Let y = n + 4. Suppose -y*j + 8 + 17 = 0. What is the units digit of j?
5
Let z(s) = 3*s. What is the tens digit of z(8)?
2
Let w = 6 - 2. What is the units digit of (w - 9)*28/(-10)?
4
Let t(m) be the second derivative of m**5/20 + 7*m**4/12 - 7*m**3/6 + 11*m**2/2 - m. Let y be t(-8). Let f = y - -12. What is the units digit of f?
5
Let y(w) = -w**3 - 5*w**2 + 3*w - 8. Let i be y(-6). Let j be (-666)/(-15) - 4/i. Suppose -l = -5*l + j. What is the tens digit of l?
1
Let g be (-2)/4 - 62/4. Let z be (-76)/g + (-2)/(-8). Suppose 0 = z*d - 5*w, -2*w - 20 = -7*w. What is the units digit of d?
4
Suppose 0 = 2*z - 3*l - 322, 2*z - 3*l = -2*z + 638. What is the tens digit of z?
5
Suppose -28 = -3*j - 4*v, 42 = 2*j + v - 3*v. What is the tens digit of j?
1
Let g be 4/10 - 38/(-5). Suppose 2*x = 4*i - g, 3*i - x - 16 = -2*i. Suppose -2*k + i = -k. What is the units digit of k?
4
Suppose 3*s - 4*s = -5*h + 95, 2*s + 2*h = -178. Let v = -57 - s. What is the units digit of v?
3
Suppose -2*n = -3*c - 211, -n - 500 = -6*n + 2*c. What is the tens digit of n?
9
Suppose 3*p + 49 = 5*o, -5*o + 8*o + 4*p - 12 = 0. Let l = 0 + o. What is the units digit of l?
8
Let h(k) = 1 - 4*k**2 + 5*k**2 + 3 + 1 + 7*k. What is the tens digit of h(-8)?
1
What is the tens digit of 260/(-52)*((-246)/10 - 0)?
2
Let l be (-18)/2*(-1)/(-1). Let x = -31 + 9. Let w = l - x. What is the tens digit of w?
1
Let y(i) = 29*i**2 + 2*i - 1. Let g be y(1). Suppose 0 = -5*m + g - 5. Suppose -m*z + 8*z = 54. What is the tens digit of z?
1
Suppose 0 = 2*t + t - 6. Suppose -13 = -t*x - 5. What is the units digit of x?
4
Suppose 0*k + 270 = 3*k. Suppose 6*j = j + k. What is the tens digit of j?
1
Let a = -5 + 7. Suppose -y - 5*n + 0 = 1, a*y - 63 = 3*n. What is the tens digit of y?
2
Let y(j) = -3 - 8*j**2 + j**2 - 5*j**3 - 4*j + 5*j**2 + 2*j**3. What is the tens digit of y(-2)?
2
Suppose -4*x - 25 = 2*p - 153, 2*p = 5*x + 164. Let s = p - 31. What is the tens digit of s?
4
Let t(d) = d + 8. Let o be t(-6). What is the tens digit of ((-30)/(-9) - o)*9?
1
Let i(m) = m - 3. Let d(q) = q. Let a be d(-5). Let c be i(a). Let x = 9 - c. What is the tens digit of x?
1
Let z(f) = -15*f**3 - 2*f**2 - 3*f - 5. What is the tens digit of z(-2)?
1
Let x(l) = l**3 - 19*l**2 + 19*l - 8. What is the units digit of x(18)?
0
Let p(h) = h**2 + h - 4. Let u be p(8). Suppose 4*o + 4*c - u = 0, 2*o - 4*c - 7 = 21. What is the tens digit of o?
1
Let m(r) be the first derivative of r**4/4 - 3*r**3 - 5*r**2 + 8*r - 5. What is the units digit of m(10)?
8
Let l(m) = m**2 + m + 6. Let s be l(5). Suppose -s + 8 = -2*q. What is the units digit of q?
4
Let n(i) = -i**3 + 4*i**2 + i - 2. Let q be n(4). Suppose 4*l - 2*j - 86 = 0, -q*l + 42 - 4 = 4*j. Suppose g + 2*g - l = 0. What is the units digit of g?
7
What is the tens digit of (-410)/(-8) + (-2)/8?
5
Let x be ((-3)/6)/(3/6). Let b(o) = 2*o**2 + 2*o + 1. What is the units digit of b(x)?
1
Suppose -2*x - 2*x - 4 = 0. What is the units digit of 0*(-2)/(-2) - x?
1
Let r(d) = 3*d + 6. Let u be r(5). Suppose u = 3*f - 6. Suppose x = -2*x + f. What is the units digit of x?
3
Suppose 0 = -w - 2 + 1. Suppose 0 = -2*t - t - 6. Let o = w - t. What is the units digit of o?
1
Let u = -94 + 110. What is the tens digit of u?
1
Let r = 85 + -45. What is the units digit of 1*(-4 + 3) + r?
9
Let t(r) = -r**2 - 19*r - 21. What is the tens digit of t(-15)?
3
Let u(i) = -i**2 - 6*i + 6. Let j be u(-5). Suppose p - 3 = -4*r - 0, 3*r = -2*p + j. What is the units digit of p?
7
Let b(w) = -3*w - 1. Let d be b(9). Let n = -8 - d. What is the tens digit of n?
2
Let s(z) = -z**2 - 15*z + 15. What is the units digit of s(-14)?
9
Let z(x) = x**2 + 5*x - 2. Let n be z(-6). Suppose -21 = 2*y + 5*m, y - 3*m - 9 = n*y. What is the units digit of 3*y*2/4?
3
Let p = 77 - 40. Let u = 56 - p. Suppose 3*t + 20 = 4*z - u, -4*z + 5*t + 49 = 0. What is the units digit of z?
6
Let t = 47 - 40. Let x(o) be the first derivative of -o**3/3 + 7*o**2/2 + 6*o - 1. What is the units digit of x(t)?
6
Let a(o) = o - 2. Let k be a(2). Let i be (-1)/2*(-10)/1. Suppose i*w + 4*d - 85 = k, 3*w = 5*d + 70 - 19. What is the tens digit of w?
1
Suppose -x = 5*j - 187, -2*j - 4*x = 3*j - 178. What is the tens digit of j?
3
Let x = 29 + -27. What is the units digit of x?
2
Suppose -3*y = -0*y. Suppose 3*k + 24 = -2*s - y*s, 5*k - 10 = 5*s. Let m = -2 - s. What is the units digit of m?
4
Let j = -124 - -252. What is the units digit of (-3)/21 - j/(-14)?
9
Let f(n) = -n**2 - 10*n - 2. Let k = -7 - 1. Let c be f(k). Suppose -c = -h - h. What is the units digit of h?
7
Let z(r) = 2*r**2 + r. Let o be z(-3). Let m be 1*(1 - 2/2). Suppose m*y = -3*y + o. What is the units digit of y?
5
Let r be 2 - (-6)/9*-123. What is the units digit of r/(-6)*6/5?
6
Suppose -w - 4*w = -g - 6, 2*w = 4. Suppose -5*k - h + 124 = -0*k, 3*k + g*h - 71 = 0. What is the tens digit of k?
2
Let a(v) = v**2 - v - 2. Let q be a(2). Let t be (-5)/(10/(-8)) - q. Suppose 0 = -6*c + t*c + 16. What is the units digit of c?
8
Let i = 5 + -4. What is the units digit of 20 - 1/(i + 0)?
9
Suppose 0 = 14*g - 19*g + 110. Let f = -16 + g. What is the units digit of f?
6
Let s = -162 - -354. What is the units digit of s?
2
Suppose 3*b = 7*b - 812. What is the tens digit of b?
0
Suppose 2*i + 99 = -i. Let m = 46 + i. What is the tens digit of m?
1
Let a = -13 - -19. Let m(y) = 7*y - 21. What is the tens digit of m(a)?
2
Suppose 5*y - 56 = 44. Let c = -10 + y. What is the units digit of c?
0
Suppose -24 - 12 = -2*n. What is the units digit of 2*(-1)/(-4)*n?
9
Suppose -6*n = -n - 10. Suppose -n*r + 3*r - 1 = 0. What is the 